{"id":135,"date":"2009-09-28T04:58:19","date_gmt":"2009-09-28T02:58:19","guid":{"rendered":"http:\/\/www.nocturnus-film.de\/home\/?page_id=135"},"modified":"2018-12-27T13:54:46","modified_gmt":"2018-12-27T11:54:46","slug":"der-raum","status":"publish","type":"page","link":"https:\/\/www.nocturnus-film.de\/home\/filmprojekte\/archiv\/der-raum\/","title":{"rendered":"Der Raum"},"content":{"rendered":"<div>\n<ul>\n<li>Titel: <strong>DER RAUM<img loading=\"lazy\" decoding=\"async\" class=\"alignright size-full wp-image-490\" title=\"Der Raum\" src=\"https:\/\/www.nocturnus-film.de\/home\/wp-content\/uploads\/2009\/09\/Titel6.jpg\" alt=\"Der Raum\" width=\"300\" height=\"169\" \/><\/strong><\/li>\n<li>Genre: Psychothriller<\/li>\n<li>L\u00e4nge: 20 min.<\/li>\n<li>Label: Agarttha Film<\/li>\n<\/ul>\n<p>Dieses finstere Kammerspiel entstand als erster und einziger Film unter dem Label &#8222;Agarttha Film&#8220; im Jahre 2005.<\/p>\n<p>Ein namenloser Mann findet sich pl\u00f6tzlich in einem anonymen Raum wieder. Drei Unbekannte werfen ihm vor, ein Attent\u00e4ter zu sein und einen Politiker ermordet zu haben. Der Mann wei\u00df jedoch nichts von einem Attentat und wehrt sich verzweifelt gegen die Vorw\u00fcrfe, die gegen ihn erhoben werden. Doch die Folter zeigt Wirkung. Irgendwann wei\u00df er nicht mehr, ob er nicht vielleicht doch schuldig ist.<\/p>\n<ul>\n<li>Drehbuch, Produktion, Schnitt und Regie: Daniel Raboldt<\/li>\n<li>Kamera: Boris Siuda<\/li>\n<li>Ton: Christopher Pott<\/li>\n<li>Visual Effects: Daniel Raboldt<\/li>\n<li>Darsteller: Christian Cadenbach, Sabine K\u00e4mper, Gerd Buurmann, Maik Evers<\/li>\n<\/ul>\n<p><img loading=\"lazy\" decoding=\"async\" class=\"aligncenter size-full wp-image-491\" title=\"Black\" src=\"https:\/\/www.nocturnus-film.de\/home\/wp-content\/uploads\/2009\/09\/Black10.jpg\" alt=\"Black\" width=\"660\" height=\"25\" srcset=\"https:\/\/www.nocturnus-film.de\/home\/wp-content\/uploads\/2009\/09\/Black10.jpg 660w, https:\/\/www.nocturnus-film.de\/home\/wp-content\/uploads\/2009\/09\/Black10-300x11.jpg 300w\" sizes=\"auto, (max-width: 660px) 100vw, 660px\" \/><img loading=\"lazy\" decoding=\"async\" class=\"alignleft size-full wp-image-492\" title=\"2\" src=\"https:\/\/www.nocturnus-film.de\/home\/wp-content\/uploads\/2009\/09\/211.jpg\" alt=\"2\" width=\"330\" height=\"186\" srcset=\"https:\/\/www.nocturnus-film.de\/home\/wp-content\/uploads\/2009\/09\/211.jpg 330w, https:\/\/www.nocturnus-film.de\/home\/wp-content\/uploads\/2009\/09\/211-300x169.jpg 300w\" sizes=\"auto, (max-width: 330px) 100vw, 330px\" \/><img loading=\"lazy\" decoding=\"async\" class=\"alignleft size-full wp-image-493\" title=\"5\" src=\"https:\/\/www.nocturnus-film.de\/home\/wp-content\/uploads\/2009\/09\/59.jpg\" alt=\"5\" width=\"330\" height=\"186\" srcset=\"https:\/\/www.nocturnus-film.de\/home\/wp-content\/uploads\/2009\/09\/59.jpg 330w, https:\/\/www.nocturnus-film.de\/home\/wp-content\/uploads\/2009\/09\/59-300x169.jpg 300w\" sizes=\"auto, (max-width: 330px) 100vw, 330px\" \/><img loading=\"lazy\" decoding=\"async\" class=\"alignleft size-full wp-image-494\" title=\"6\" src=\"https:\/\/www.nocturnus-film.de\/home\/wp-content\/uploads\/2009\/09\/67.jpg\" alt=\"6\" width=\"330\" height=\"186\" srcset=\"https:\/\/www.nocturnus-film.de\/home\/wp-content\/uploads\/2009\/09\/67.jpg 330w, https:\/\/www.nocturnus-film.de\/home\/wp-content\/uploads\/2009\/09\/67-300x169.jpg 300w\" sizes=\"auto, (max-width: 330px) 100vw, 330px\" \/><img loading=\"lazy\" decoding=\"async\" class=\"alignleft size-full wp-image-495\" title=\"1\" src=\"https:\/\/www.nocturnus-film.de\/home\/wp-content\/uploads\/2009\/09\/111.jpg\" alt=\"1\" width=\"330\" height=\"186\" srcset=\"https:\/\/www.nocturnus-film.de\/home\/wp-content\/uploads\/2009\/09\/111.jpg 330w, https:\/\/www.nocturnus-film.de\/home\/wp-content\/uploads\/2009\/09\/111-300x169.jpg 300w\" sizes=\"auto, (max-width: 330px) 100vw, 330px\" \/><img loading=\"lazy\" decoding=\"async\" class=\"alignleft size-full wp-image-496\" title=\"3\" src=\"https:\/\/www.nocturnus-film.de\/home\/wp-content\/uploads\/2009\/09\/38.jpg\" alt=\"3\" width=\"330\" height=\"186\" srcset=\"https:\/\/www.nocturnus-film.de\/home\/wp-content\/uploads\/2009\/09\/38.jpg 330w, https:\/\/www.nocturnus-film.de\/home\/wp-content\/uploads\/2009\/09\/38-300x169.jpg 300w\" sizes=\"auto, (max-width: 330px) 100vw, 330px\" \/><img loading=\"lazy\" decoding=\"async\" class=\"alignleft size-full wp-image-497\" title=\"4\" src=\"https:\/\/www.nocturnus-film.de\/home\/wp-content\/uploads\/2009\/09\/411.jpg\" alt=\"4\" width=\"330\" height=\"186\" srcset=\"https:\/\/www.nocturnus-film.de\/home\/wp-content\/uploads\/2009\/09\/411.jpg 330w, https:\/\/www.nocturnus-film.de\/home\/wp-content\/uploads\/2009\/09\/411-300x169.jpg 300w\" sizes=\"auto, (max-width: 330px) 100vw, 330px\" \/><\/div>\n","protected":false},"excerpt":{"rendered":"<p>Titel: DER RAUM Genre: Psychothriller L\u00e4nge: 20 min. Label: Agarttha Film Dieses finstere Kammerspiel entstand als erster und einziger Film unter dem Label &#8222;Agarttha Film&#8220; im Jahre 2005. Ein namenloser Mann findet sich pl\u00f6tzlich in einem anonymen Raum wieder. Drei Unbekannte werfen ihm vor, ein Attent\u00e4ter zu sein und einen Politiker ermordet zu haben. Der&#8230;<\/p>\n","protected":false},"author":1,"featured_media":0,"parent":2406,"menu_order":18,"comment_status":"closed","ping_status":"closed","template":"","meta":{"footnotes":""},"class_list":["post-135","page","type-page","status-publish","hentry"],"aioseo_notices":[],"_links":{"self":[{"href":"https:\/\/www.nocturnus-film.de\/home\/wp-json\/wp\/v2\/pages\/135","targetHints":{"allow":["GET"]}}],"collection":[{"href":"https:\/\/www.nocturnus-film.de\/home\/wp-json\/wp\/v2\/pages"}],"about":[{"href":"https:\/\/www.nocturnus-film.de\/home\/wp-json\/wp\/v2\/types\/page"}],"author":[{"embeddable":true,"href":"https:\/\/www.nocturnus-film.de\/home\/wp-json\/wp\/v2\/users\/1"}],"replies":[{"embeddable":true,"href":"https:\/\/www.nocturnus-film.de\/home\/wp-json\/wp\/v2\/comments?post=135"}],"version-history":[{"count":11,"href":"https:\/\/www.nocturnus-film.de\/home\/wp-json\/wp\/v2\/pages\/135\/revisions"}],"predecessor-version":[{"id":1225,"href":"https:\/\/www.nocturnus-film.de\/home\/wp-json\/wp\/v2\/pages\/135\/revisions\/1225"}],"up":[{"embeddable":true,"href":"https:\/\/www.nocturnus-film.de\/home\/wp-json\/wp\/v2\/pages\/2406"}],"wp:attachment":[{"href":"https:\/\/www.nocturnus-film.de\/home\/wp-json\/wp\/v2\/media?parent=135"}],"curies":[{"name":"wp","href":"https:\/\/api.w.org\/{rel}","templated":true}]}}